 units digit of l(a)?
8
Let d(b) = b**2 - 7*b + 4. Let l be d(7). What is the units digit of (1 + l)*(-18)/(-5)?
8
Let p(l) = l**3 + 3*l**2 + 4. Let x be p(-3). Suppose 4*i - 22 = -x*n - 2, 13 = 5*i + n. What is the units digit of i?
2
Suppose -3*p - 78 = -4*q - 20, 0 = q + 3*p - 22. What is the tens digit of q?
1
Suppose 2*k - 18 = 16. Suppose -3*d + k = 4*j, 3*d - 5*j - 53 = -0*d. What is the units digit of d?
1
Let s = 66 + -67. Let q be (0 + -2)/((-2)/(-5)). What is the units digit of s/(0 - 1) - q?
6
Let k(l) = 3 - 5*l - 5 + l + 3. Let h be k(-5). Suppose -7 = 2*v - h. What is the units digit of v?
7
Let r be 40/7 - (-4)/14. Suppose -2*f = -16 + r. Let s = f + 2. What is the units digit of s?
7
Suppose -5*r = -4*w - 13, -3*w = w - r - 7. Let t = 4 + w. Let h(x) = -x**3 + 6*x**2 + 7*x + 1. What is the units digit of h(t)?
1
Let k = -14 - -7. Let o = 4 + k. Let z(u) = -6*u - 3. What is the units digit of z(o)?
5
Let g = 8 - 14. What is the units digit of 58/6 - 2/g?
0
Let j(i) = i**2 - 2*i + 12. What is the units digit of j(8)?
0
Let p(d) = d**3 + 10*d**2 - 11*d + 1. What is the units digit of p(-11)?
1
Let n(q) = -14*q + 1. Let h be n(-1). What is the tens digit of (-2 + (0 - -3))*h?
1
Let i be 2/(-3)*(-3129)/14. Suppose 4*p - 31 - i = 0. What is the units digit of p?
5
Suppose 1 = d + 2. What is the units digit of d/(-3) + 224/12?
9
Suppose -19 = -4*j + 9. Let b = j - -7. What is the units digit of b?
4
Let w(s) = -s**3 + 11*s**2 - 10*s + 9. Let x(u) = u**2 + 3*u + 6. Let d be x(-4). What is the units digit of w(d)?
9
Let h = -9 - -14. Let m = -11 + h. Let p(l) = -l**3 - 5*l**2 + 4*l - 3. What is the units digit of p(m)?
9
Suppose 2*a - 6 = 2. Suppose 3*u + 3 = a*x, -4*x = -x + 4*u + 29. What is the units digit of 6 + x - 1 - -3?
5
Let q = 24 + -16. Let j(l) = l + 0 + 1 + 0*l. What is the units digit of j(q)?
9
Let z(d) = -9*d - 38. What is the units digit of z(-22)?
0
Let n(y) = 3*y**3 - 4*y**2 + 2*y + 1. Let x(w) = -w + 11. Let l be x(9). What is the tens digit of n(l)?
1
Suppose -1 = 4*w - 13. Let y(t) = -2*t - t**2 - w*t + 0*t + 3. What is the units digit of y(-5)?
3
Let x(z) = -z - 1. Let a be x(-6). Suppose -4*o - 32 = 4*l, -1 - 1 = 2*l - a*o. Let j(k) = -2*k - 5. What is the units digit of j(l)?
7
Let k(b) = -b + 2. Let l(n) = n. Let c be l(1). What is the units digit of k(c)?
1
What is the units digit of 7*(30 + (-8)/2)?
2
Let q(l) = l**2 + 4*l + 7. Let k = -10 + 5. Let r be q(k). What is the units digit of 2/(-8) - (-75)/r?
6
Suppose -2*v + 6*v = 24. Let y be ((-3)/(-2))/(v/(-32)). What is the units digit of ((-4)/y)/((-1)/(-2))?
1
Let p(j) = -j**3 + j**2 + j + 41. Let m be (-2 - -2)/(6/(-6)). What is the tens digit of p(m)?
4
Let u be (12/10)/((-9)/30). What is the units digit of 0 + -1 + u + 12?
7
Let l be -3 + 3/(-6)*-22. Suppose l*q - 20 = 3*q. What is the units digit of q?
4
Let n = 19 - 5. What is the units digit of 206/n + 12/42?
5
Suppose -4*t - 10 = -2*f, 0 = 2*f - 0*f + 4*t - 2. Suppose 4*c = -f*j + 95, j - 4*c + 3*c - 27 = 0. What is the tens digit of j?
2
Suppose -v - 3*p - 987 = -4*v, -2*p = -5*v + 1630. What is the units digit of v?
4
Suppose -1 = -f - 3. Let g(d) = -16*d - 1. What is the tens digit of g(f)?
3
Suppose 0*d - d + 18 = -4*r, -d - 4*r = 6. What is the units digit of d?
6
Suppose 6*o = 2*o + 8, -5*d + 44 = -3*o. Suppose 20 + d = 5*w. What is the units digit of w?
6
Let o = -1 + 3. Suppose -4*x = -5*m - 74, -x + 8 = 5*m + o. What is the units digit of x?
6
Let l be -5 + (-3 - -1) - -3. Let y = 7 - l. What is the units digit of y?
1
Let n(p) = 2*p**2 - 9*p + 12. What is the units digit of n(6)?
0
Let g(j) = j**2 + 1. What is the tens digit of g(4)?
1
Let k(q) = -3*q - 2. Let x be k(-2). Suppose 0 = -x*d + d + 51. What is the units digit of d?
7
Suppose -t = 5*z - 45, -t - 3*t = 5*z - 30. Let i(p) = -p + 4. Let l be i(z). What is the units digit of 4/12 - 76/l?
3
Suppose 7*a = 4*a + 222. What is the units digit of a?
4
Suppose x = -1 - 1. What is the units digit of 8/12*(-39)/x?
3
Suppose -5*k + 799 = 24. What is the hundreds digit of k?
1
Suppose -2*z - 2*z + t = -128, 37 = z + t. Let a = 38 + -18. Suppose -3*v + 31 + a = 4*l, 3*v - z = -2*l. What is the units digit of l?
9
Suppose 4*a - 26 = -5*m + 1, 3*m = -a - 2. Let i = a - 3. What is the tens digit of i?
1
Let m be (-5)/30 + (-1)/(-6). Suppose m = 3*d + 4*j - 0*j + 10, j = -2*d. What is the units digit of d?
2
Let t(s) = s**3 - 6*s**2 - s + 12. Let v be (-9)/(-4 - 10/(-4)). What is the units digit of t(v)?
6
Let i = 4 - 2. Let q(r) = r**2 + 3 + 1 - i. What is the tens digit of q(4)?
1
Let s be (8/(-10))/(2/(-5)). Suppose 3*x + 259 = 5*m, s*m + 5*x - 169 = -m. What is the tens digit of m?
5
Let s = 8 - 5. Suppose w = s + 3. Suppose -10 = -k + w. What is the tens digit of k?
1
Let k = 90 + 100. What is the hundreds digit of k?
1
What is the units digit of 145 - (15/30 - (-5)/2)?
2
Let g = -7 - -11. Suppose -2*b - 5 = -3*q, -4*q + 22 + 18 = g*b. Suppose -43 = -b*w + k + 3*k, 0 = -5*w - 4*k + 27. What is the units digit of w?
7
Let w(g) = -g**2 - 6*g. Let i be w(-4). Let a = i + -7. What is the units digit of a?
1
Let t be ((-6)/(-4))/(3/(-4)). What is the units digit of 2 - (t - (-4)/(-2))?
6
Let x be 14/77 - (-130)/11. What is the units digit of (x/8)/((-6)/(-52))?
3
What is the tens digit of 17 - 3*3/9?
1
What is the units digit of 744/(-36)*(-3)/2?
1
Suppose 0 = -17*g + 11*g + 264. What is the units digit of g?
4
Let u be 163/3 - (-1)/(-3). Let p = u + -26. What is the units digit of p?
8
Let n(u) = 5*u**2 - 9*u + 2. Let c(s) = 2*s**2 - 4*s + 1. Let k(o) = -7*c(o) + 3*n(o). What is the units digit of k(-2)?
1
Suppose 0*v - 4*o - 76 = -4*v, 0 = 3*v - 2*o - 57. Let k = v - 14. What is the units digit of k?
5
Let s(y) = y**3 + 7*y**2 + 3*y - 6. Let m be s(-5). Suppose 5*r - m = -3*v, -6 = -3*r - 5*v + 5. What is the units digit of r*(3 + -2) + 0?
7
Let o = 16 - -29. What is the tens digit of o?
4
Let f = -234 - -332. What is the tens digit of f?
9
Let x = 230 + -109. What is the hundreds digit of x?
1
Let w be ((-36)/(-45))/((-2)/(-5)). What is the units digit of (-84)/(-2) - (0 + w)?
0
Let l(c) = -c**3 + 12*c**2 + 2*c - 12. What is the tens digit of l(12)?
1
Let s(t) = t + 1. Let k(j) = -j**2 + 12*j + 11. Let n(g) = k(g) - 6*s(g). What is the tens digit of n(5)?
1
Let z be -15*(-1 + 8/12). What is the tens digit of 42/z*15/6?
2
Suppose -3*k + 19 + 5 = 0. Let u = k - 5. Suppose 71 = 5*z - q, -q = 4*z + u*q - 52. What is the tens digit of z?
1
Suppose 2135 + 2877 = 14*i. What is the hundreds digit of i?
3
Suppose 4*k - 197 + 41 = 0. Let d = -26 + k. What is the tens digit of d?
1
Suppose -l = -12 - 6. What is the tens digit of l + 0 + (-3 - -1)?
1
Let x be (-11)/(-2)*(-2)/1. Let z(d) be the second derivative of -d**3/6 - d**2/2 + 30*d. What is the units digit of z(x)?
0
Let r(g) = g**3 - 4*g**2 - 8*g + 7. What is the units digit of r(7)?
8
Let i = 7 + 8. What is the tens digit of i?
1
Let k be 6/(-14)*63/(-9). What is the units digit of -3 + (k - 0) + 3?
3
Let h(b) = 3*b**2 + 2*b - 1. Let a(p) = p**2 - 9*p + 2. Let r be a(9). Let n be h(r). What is the tens digit of (-2)/5 + 171/n?
1
Let g = 86 + -61. What is the tens digit of g?
2
Let l(q) = q - 6. Let g be l(4). Suppose -5*w + 4 = -w. Let u = w - g. What is the units digit of u?
3
Suppose n + 15 = 3*y - n, 0 = y - 4*n - 5. Suppose m + 3*r - 28 = 0, 3*m = -y*r + r + 109. What is the tens digit of m?
4
Let n(y) = 31*y**3 - 2*y + 1. Let r be n(1). Suppose r - 10 = 5*j. Suppose -5*s + j = -s. What is the units digit of s?
1
Let y(j) = -2*j**3 - 6*j**2 + 5*j + 11. Let t(o) = 3*o**3 - 1 + 0*o - 10*o + 9*o**2 - 16 + 3*o. Let m(d) = -5*t(d) - 8*y(d). What is the tens digit of m(-3)?
1
Suppose -5 + 9 = 4*t. What is the units digit of t?
1
Let w be 4 + (-1 - (0 - 1)). Let r be (-1)/(-1) + 11 + -1. Suppose -2*v + 4 = -2*b, 2 = b + w*v - r. What is the units digit of b?
1
Let z = 32 + -16. What is the units digit of z?
6
Suppose 9*s - 378 = 3*s. What is the units digit of s?
3
Let x = 9 + -2. Suppose -4*p + 135 = -x*p. What is the units digit of (4/(-3))/(10/p)?
6
Suppose -4*u + 13 = -11. Let h(r) = -r**3 + 8*r**2 - 10*r + 7. What is the tens digit of h(u)?
1
Let g = 4 + -6. Let c = g + -1. Let h = c - -10. Wh